2, 7
Suppose 170 = -11*g + 6*g. Let a = -33 - g. Let i = 5 - a. What are the prime factors of i?
2
Suppose -c + 3*x + 108 = -2*x, x + 100 = c. Suppose -2*d + c = -14. List the prime factors of d.
2, 7
Let o be (-3)/((-115)/(-50) - 2). What are the prime factors of 1264/18 + o/45?
2, 5, 7
Suppose 0*t + 4*t = 92. Let c = 26 - t. Suppose 0 = 6*o - c*o - 21. What are the prime factors of o?
7
Suppose 0 = j + 2, 5*b + 2*j + 4 = -0*j. Suppose b*s - 14 = -s - 2*p, 116 = 4*s - 4*p. List the prime factors of s.
2, 3
Let z = 31 + -33. List the prime factors of 966/10 - 1 - z/5.
2, 3
Suppose 0*q = -2*q + 8. Let i be 9/q*(-2 - 30). Let u = i - -123. What are the prime factors of u?
3, 17
Let i(x) = 2*x**3 - 7*x**2 + 7*x + 4. Let v be 2/1 + (-3 - -5). List the prime factors of i(v).
2, 3
Let x(d) = d - 7. Let b be x(9). Suppose -p + b = -0*p. Suppose -2*r = p*v - 16, -r - 3*v + 6 = -6. What are the prime factors of r?
2, 3
Let v(i) = -i**2 + 7*i + 10. Let w be v(-13). Let q = -176 - w. What are the prime factors of q?
2, 37
Suppose 0 = -q - 0*w - 2*w + 72, 5*q + 5*w - 365 = 0. Let x = q - -178. What are the prime factors of x?
2, 3, 7
List the prime factors of (-186186)/(-78) + 4*-1.
2383
Let s(t) = 2*t**2 - t - 1. Let o be s(-1). Suppose o*q - 4*q = 2*a + 20, -4*q - 4 = 0. Let h(g) = g**3 + 10*g**2 + 5*g - 4. List the prime factors of h(a).
2
Let v(c) = -c**2 + 5*c - 8. Let q be v(11). What are the prime factors of ((-18)/4 + 4)*4*q?
2, 37
Let r = -32 + 23. Let o be (-8)/(-6)*54/r. Let h(z) = z**3 + 9*z**2 + 8. List the prime factors of h(o).
2, 3
Let g(f) = -945*f**3 - 2*f**2 + 3*f + 6. List the prime factors of g(-1).
2, 11, 43
Suppose 0*r + 3*x = 2*r - 381, 0 = -2*r + 4*x + 378. What are the prime factors of r?
3, 5, 13
Suppose -5*r + 18 = 4*g, -3*g = -6*r + r + 4. Let w be (-32)/8*r/4. Let l = 16 - w. List the prime factors of l.
2, 3
Let c be -1 - 6/9*-69. Suppose 2*k = c + 67. List the prime factors of k.
2, 7
Let w = 14 + -12. Suppose 1877 = -5*m - w*u - 1880, u - 4 = 0. List the prime factors of (-2)/(-11) - m/33.
23
Suppose 0 = -24*h + 26*h - 936. Let g = h + -162. List the prime factors of g.
2, 3, 17
Suppose -4*m = q - 11, 5*m = -0*q + q - 29. Let r = q - 9. What are the prime factors of (-264)/(-10) + (-4)/r?
2, 13
Suppose -2849 = -3*k - 4*b, -4*k + 48*b = 52*b - 3796. What are the prime factors of k?
947
Suppose -4*g + 3*v + 3138 - 720 = 0, v + 3028 = 5*g. List the prime factors of g.
2, 3, 101
What are the prime factors of (-8)/36 + (1 - 3737/(-9))?
2, 13
Let w(k) = k - 3. Let z be w(-4). Suppose 4*p + 24 = 2*q, -p - 3 = 2. List the prime factors of 75/q - z/(-14).
37
Let m(a) = 256*a**2 + a - 2. Suppose 0 = -7*r + 10*r - 3. What are the prime factors of m(r)?
3, 5, 17
Suppose 0 = -i - i + 504. Suppose -x + 4*x - i = 0. List the prime factors of x.
2, 3, 7
Let d(g) be the second derivative of -17*g**3/6 + 15*g**2 - 8*g. List the prime factors of d(-8).
2, 83
Suppose 5*t - 28 = 4*k, -3*t + 1 = 5*k - 38. Let a(y) = y**3 - 5*y**2 - 7*y + 1. What are the prime factors of a(t)?
137
Let a(z) = 28*z + 115. What are the prime factors of a(16)?
563
List the prime factors of -1 + 3849 - (10 - 5 - -2).
23, 167
Let f(m) = 1419*m**3 + 2*m - 1. Let u be f(1). List the prime factors of (u/5)/(2/1).
2, 71
Let j(i) = 32*i - 29. List the prime factors of j(5).
131
Let d = -1493 - -2126. What are the prime factors of d?
3, 211
Let o be -1 + 2 + -3 + 2. Suppose 0 = -p + 2*v + 148, -p + v - 148 = -2*p. Suppose -x - x + p = o. List the prime factors of x.
2, 37
Suppose 0 = 3*o + 3*z - 0 + 18, -o + 4*z = 11. Let y = 40 - o. What are the prime factors of y?
47
Suppose 5*f = -40 + 5. Let q(b) = b**3 + 14*b**2 + 5*b + 11. Let c(o) = -o**2 - 1. Let k(x) = 6*c(x) + q(x). List the prime factors of k(f).
19
What are the prime factors of 1 + (2037 - (-10 + 3))?
5, 409
Let j(z) = 4*z**2 - 38*z - 4. Suppose 20*a - 12*a - 112 = 0. What are the prime factors of j(a)?
2, 31
Let v(y) = -6*y - 30 + 12*y + 3*y + 11*y**2. List the prime factors of v(4).
2, 7, 13
Let c = 4413 - 1947. What are the prime factors of c?
2, 3, 137
Let w = 30 - 28. Suppose w*v = 3*q + 116, -3*v - 3*q - 16 = -160. List the prime factors of v.
2, 13
Suppose 2253 = 2*q - y, -5*y = -2*q + 551 + 1682. What are the prime factors of q?
1129
Suppose 3*a - 11 = -41. Let s(q) = 8*q + q**2 - 2 - 3*q - 10. List the prime factors of s(a).
2, 19
Suppose 0 = q + 3*v - 311, -4*v - 953 = -3*q - 3*v. List the prime factors of q.
317
Suppose 4*s - 3*i + 2733 = 5*s, 3*i = -4*s + 10977. What are the prime factors of s?
2, 3, 229
Let i(x) = -747*x + 570. List the prime factors of i(-4).
2, 3, 593
Let i be 10*(-2)/(-12)*3. Suppose 0 = 3*l + d - 5*d - 262, -5 = i*d. List the prime factors of l.
2, 43
Let m be (12 - 13) + (3 - 1). Suppose -13 = -3*v - m. Suppose z + v*z = 105. List the prime factors of z.
3, 7
Let r(n) = -n**3 - 6*n**2 + n + 8. Let t be r(-6). Suppose 3*m + 1 = -t. What are the prime factors of m/(-1) - -1 - -20?
2, 11
Let j(g) = g**2 + g + 1. Let l be j(-9). Suppose 0 = 4*b - 5*p - 811, 3*b - 539 - l = 3*p. What are the prime factors of b?
11, 19
Suppose -5*o + 38 = -3*h - o, -5*o = -4*h - 49. Let b = h - -4. List the prime factors of -37*(-1 - (b + 2)).
37
Let m(v) = -13*v - 6*v + 12 + 3 + 4. List the prime factors of m(-4).
5, 19
Let i(x) = 7*x + 146. List the prime factors of i(-10).
2, 19
Suppose 0 = 3*g - 12, -4*d + 2*g - 3*g = 492. Let t = 237 + d. What are the prime factors of t?
113
Let x be 28/1 + 2 - -3. Suppose -2*d = 3*d - 4*b - x, 23 = 3*d - 4*b. Suppose y - d*y + 220 = 0. What are the prime factors of y?
5, 11
Suppose 0 = d, 833 = 2*a + 5*d - 411. Suppose -4*n - 230 + a = 0. List the prime factors of n.
2, 7
Let c(z) = 545*z - 221. List the prime factors of c(9).
2, 1171
Suppose 20 = 2*b - 4*c, 3*b + 2*c + 11 = 1. Let k(l) = l**2 + 2*l + 65. Let u be k(-15). Suppose 2*o + b*o = 4*m - u, 8 = -2*o. What are the prime factors of m?
3, 7
Suppose 21 - 37 = -2*i. Let d = -13 + i. Let j(a) = a**2 - 2*a - 8. List the prime factors of j(d).
3
Let f(j) = 15*j + 2. Let c be f(2). Suppose m = c + 35. List the prime factors of m.
67
Let f be (-14 + (1 - 2))/((-24)/(-16)). List the prime factors of (60 - 4)*(-25)/f.
2, 5, 7
Let r be 0/((-10)/(-15)*-3). Suppose r = -2*b - 59 + 237. List the prime factors of b.
89
Suppose -7*t + 8*t = 34. Suppose u - t = 14. List the prime factors of u.
2, 3
Suppose 0 = 5*l - 28 - 132. Let x = l - -80. List the prime factors of x.
2, 7
Suppose -5*j - 24 = 6. Let z = j - -6. Suppose 2*q - 76 = -4*c, -c - 2*q + 19 + 0 = z. List the prime factors of c.
19
Let a = 436 - -4227. List the prime factors of a.
4663
Let z(b) = 8*b + 293. What are the prime factors of z(47)?
3, 223
Suppose 5*r + 19 = 4*y, 0 = 5*y + 2*r + r - 33. Let c(i) = -i**3 + 8*i**2 - 7*i - 7. List the prime factors of c(y).
23
Let l(v) = v**3 + 5*v - 3*v**2 - 17*v + 0*v + 13 - v**2. What are the prime factors of l(7)?
2, 19
Let b(y) = -3*y**2 + 30*y - 9. What are the prime factors of b(9)?
2, 3
Let j = 14 - 0. Let r = 52 + j. List the prime factors of r.
2, 3, 11
Suppose -11*t = t - 14244. What are the prime factors of t?
1187
Let q = 1183 + -446. List the prime factors of q.
11, 67
Suppose 3*p + 5*a = 3792, -3*p + 3*a = -2328 - 1440. What are the prime factors of p?
1259
Let m = 7353 - 5215. What are the prime factors of m?
2, 1069
Suppose 2*w + 7 = -37. Let b be (-52598)/(-143) - 4/w. List the prime factors of (1/2)/(8/b).
23
What are the prime factors of (-1052)/(11/((-44)/8))?
2, 263
Suppose -3274 = 33*s - 12877. What are the prime factors of s?
3, 97
Let q(v) = 6*v**2 + 2*v + 11. Let h be q(5). Suppose -5*i - 5*c = -430, -i + c - h = -3*i. What are the prime factors of i?
5, 17
Let h(j) = -62*j**3 - j**2 - 11*j - 13. What are the prime factors of h(-2)?
3, 167
Suppose -9*y + 12 = -5*y. What are the prime factors of y + ((-3)/(-4) - (-585)/20)?
3, 11
Let d = 37 - 32. Suppose -4*p = -3*j + 4, -d*p = -j + 1 + 4. Suppose j = 4*n - n - 144. What are the prime factors of n?
2, 3
Suppose 0 = 5*v - 0*v + 20. List the prime factors of (-6)/((7 + 1)/v).
3
Let s be (-1)/(-2)*(3 + 3). Let t(l) = 4*l**2 - 3*l - 1. List the prime factors of t(s).
2, 13
Let q be (-3*1)/(33/(-44)). Suppose -231 = q*j - 15*j. List the prime 